 the remainder when 31242 is divided by 496.
490
What is the remainder when 763 is divided by 125?
13
Calculate the remainder when 52755 is divided by 242.
241
What is the remainder when 14865 is divided by 7398?
69
Calculate the remainder when 2154889 is divided by 1077444.
1
What is the remainder when 41024 is divided by 189?
11
What is the remainder when 580566 is divided by 984?
6
What is the remainder when 18526 is divided by 9207?
112
What is the remainder when 8752 is divided by 2162?
104
What is the remainder when 370 is divided by 17?
13
Calculate the remainder when 31183 is divided by 226.
221
Calculate the remainder when 543680 is divided by 26.
20
What is the remainder when 8981 is divided by 18?
17
Calculate the remainder when 762766 is divided by 4123.
11
What is the remainder when 88145 is divided by 5876?
5
What is the remainder when 7208 is divided by 65?
58
What is the remainder when 2928 is divided by 633?
396
What is the remainder when 249795 is divided by 83263?
6
Calculate the remainder when 8675 is divided by 155.
150
Calculate the remainder when 23199 is divided by 7733.
0
Calculate the remainder when 23203 is divided by 706.
611
What is the remainder when 1675 is divided by 4?
3
Calculate the remainder when 1899 is divided by 138.
105
Calculate the remainder when 5406 is divided by 5277.
129
What is the remainder when 3588 is divided by 36?
24
What is the remainder when 10249 is divided by 1707?
7
Calculate the remainder when 19133 is divided by 4741.
169
What is the remainder when 4433 is divided by 1075?
133
Calculate the remainder when 1179 is divided by 997.
182
What is the remainder when 1479 is divided by 341?
115
What is the remainder when 59259 is divided by 14?
11
What is the remainder when 910 is divided by 73?
34
Calculate the remainder when 198264 is divided by 14160.
24
Calculate the remainder when 30599 is divided by 51.
50
What is the remainder when 9984 is divided by 3327?
3
What is the remainder when 3496217 is divided by 11?
10
What is the remainder when 381296 is divided by 34?
20
Calculate the remainder when 4239 is divided by 211.
19
What is the remainder when 97273 is divided by 32421?
10
Calculate the remainder when 255257 is divided by 2239.
11
What is the remainder when 6868 is divided by 36?
28
What is the remainder when 7397 is divided by 131?
61
Calculate the remainder when 2297 is divided by 1159.
1138
What is the remainder when 4608 is divided by 173?
110
Calculate the remainder when 20564 is divided by 6851.
11
Calculate the remainder when 3005 is divided by 164.
53
Calculate the remainder when 1683 is divided by 320.
83
What is the remainder when 790 is divided by 100?
90
What is the remainder when 48814 is divided by 48803?
11
What is the remainder when 1494 is divided by 108?
90
Calculate the remainder when 98115 is divided by 49043.
29
What is the remainder when 79455 is divided by 172?
163
What is the remainder when 10971 is divided by 2715?
111
What is the remainder when 19197 is divided by 59?
22
Calculate the remainder when 1727318 is divided by 27.
20
Calculate the remainder when 14099 is divided by 14043.
56
What is the remainder when 47385 is divided by 72?
9
Calculate the remainder when 88554 is divided by 110.
4
Calculate the remainder when 4593 is divided by 128.
113
Calculate the remainder when 43340 is divided by 257.
164
Calculate the remainder when 3726 is divided by 1037.
615
What is the remainder when 48832 is divided by 8115?
142
What is the remainder when 127986 is divided by 514?
0
What is the remainder when 66097 is divided by 66085?
12
Calculate the remainder when 181689 is divided by 49.
46
What is the remainder when 1671 is divided by 171?
132
Calculate the remainder when 210 is divided by 8.
2
Calculate the remainder when 1118 is divided by 147.
89
What is the remainder when 106972 is divided by 55?
52
What is the remainder when 14954 is divided by 1368?
1274
Calculate the remainder when 70355 is divided by 30.
5
What is the remainder when 161428 is divided by 20166?
100
What is the remainder when 4146 is divided by 271?
81
Calculate the remainder when 11459 is divided by 11.
8
What is the remainder when 541686 is divided by 502?
28
What is the remainder when 147839 is divided by 49266?
41
Calculate the remainder when 19212 is divided by 4533.
1080
What is the remainder when 9306 is divided by 2316?
42
Calculate the remainder when 100644 is divided by 53.
50
Calculate the remainder when 3464 is divided by 949.
617
What is the remainder when 8686 is divided by 419?
306
What is the remainder when 3351 is divided by 331?
41
Calculate the remainder when 8305 is divided by 908.
133
Calculate the remainder when 3618 is divided by 3618.
0
Calculate the remainder when 6015461 is divided by 14.
11
Calculate the remainder when 16741 is divided by 143.
10
What is the remainder when 10461 is divided by 5132?
197
Calculate the remainder when 1357 is divided by 1269.
88
Calculate the remainder when 22576 is divided by 551.
536
Calculate the remainder when 18203327 is divided by 11.
10
What is the remainder when 206307 is divided by 598?
595
What is the remainder when 10962 is divided by 2192?
2
What is the remainder when 5769 is divided by 1501?
1266
What is the remainder when 1762394 is divided by 160?
154
Calculate the remainder when 1702 is divided by 477.
271
What is the remainder when 4536 is divided by 1500?
36
What is the remainder when 12050 is divided by 223?
8
What is the remainder when 86178 is divided by 29?
19
Calculate the remainder when 939548 is divided by 50.
48
Calculate the remainder when 4454 is divided by 1481.
11
Calculate the remainder when 9359 is divided by 51.
26
Calculate the remainder when 5167 is divided by 2546.
75
Calculate the remainder when 26314 is divided by 17.
15
Calculate the remainder when 4907 is divided by 1352.
851
Calculate the remainder when 59298 is divided by 11.
8
What is the remainder when 4731 is divided by 15?
6
What is the remainder when 1524 is divided by 734?
56
Calculate the remainder when 8238690 is divided by 77.
75
Calculate the remainder when 1255 is divided by 18.
13
Calculate the remainder when 8612 is divided by 298.
268
Calculate the remainder when 80294 is divided by 283.
205
Calculate the remainder when 17018 is divided by 16499.
519
What is the remainder when 15507 is divided by 714?
513
What is the remainder when 57713 is divided by 188?
185
What is the remainder when 8583 is divided by 139?
104
What is the remainder when 1691 is divided by 1655?
36
What is the remainder when 3036 is divided by 505?
6
What is the remainder when 2788 is divided by 145?
33
What is the remainder when 25726 is divided by 268?
266
What is the remainder when 4715 is divided by 993?
743
Calculate the remainder when 2115877 is divided by 626.
623
Calculate the remainder when 1544 is divided by 204.
116
What is the remainder when 62008 is divided by 477?
475
Calculate the remainder when 66114 is divided by 55.
4
Calculate the remainder when 11596 is divided by 603.
139
Calculate the remainder when 6850 is divided by 1135.
40
What is the remainder when 36825 is divided by 108?
105
Calculate the remainder when 337426 is divided by 84.
82
Calculate the remainder when 1214411 is divided by 303602.
3
What is the remainder when 150735 is divided by 12560?
15
Calculate the remainder when 1581440 is divided by 89.
88
Calculate the remainder when 267776 is divided by 217.
215
Calculate the remainder when 1459 is divided by 1224.
235
Calculate the remainder when 23719 is divided by 58.
55
What is the remainder when 1437 is divided by 837?
600
What is the remainder when 15924 is divided by 3176?
44
What is the remainder when 1342063 is divided by 106?
103
What is the remainder when 717 is divided by 243?
231
What is the remainder when 15603 is divided by 1033?
108
What is the remainder when 432587 is divided by 478?
475
What is the remainder when 11421 is divided by 225?
171
What is the remainder when 5288 is divided by 2637?
14
What is the remainder when 4363 is divided by 66?
7
What is the remainder when 5074 is divided by 55?
14
Calculate the remainder when 11872 is divided by 31.
30
What is the remainder when 8671 is divided by 1090?
104